{"id":230,"date":"2023-08-17T22:48:50","date_gmt":"2023-08-17T20:48:50","guid":{"rendered":"https:\/\/quizboxing-marseille.fr\/?page_id=230"},"modified":"2023-08-17T22:50:23","modified_gmt":"2023-08-17T20:50:23","slug":"mode-super-heros","status":"publish","type":"page","link":"http:\/\/quizboxing-marseille.fr\/index.php\/mode-super-heros\/","title":{"rendered":"Mode Super H\u00e9ros"},"content":{"rendered":"\n<p><\/p>\n\n\n\n<h2 class=\"wp-block-heading has-text-align-center has-ast-global-color-5-color has-text-color has-x-large-font-size\">MODE SUPER HEROS<\/h2>\n\n\n\n<div class=\"wp-block-media-text is-stacked-on-mobile\" style=\"grid-template-columns:23% auto\"><figure class=\"wp-block-media-text__media\"><img loading=\"lazy\" decoding=\"async\" width=\"220\" height=\"220\" src=\"http:\/\/quizboxing-marseille.fr\/wp-content\/uploads\/2023\/08\/qbm-\u2014-100-Super-Heros.png\" alt=\"\" class=\"wp-image-170 size-full\" srcset=\"http:\/\/quizboxing-marseille.fr\/wp-content\/uploads\/2023\/08\/qbm-\u2014-100-Super-Heros.png 220w, http:\/\/quizboxing-marseille.fr\/wp-content\/uploads\/2023\/08\/qbm-\u2014-100-Super-Heros-150x150.png 150w, http:\/\/quizboxing-marseille.fr\/wp-content\/uploads\/2023\/08\/qbm-\u2014-100-Super-Heros-75x75.png 75w\" sizes=\"auto, (max-width: 220px) 100vw, 220px\" \/><\/figure><div class=\"wp-block-media-text__content\">\n<p class=\"has-ast-global-color-5-color has-text-color\">Vous \u00eates fan de l&rsquo;univers des super-h\u00e9ros et vous pensez tout savoir sur vos personnages pr\u00e9f\u00e9r\u00e9s ? Alors venez tester vos connaissances lors de notre mode 100% Super H\u00e9ros de Quiz Boxing !<\/p>\n\n\n\n<p class=\"has-ast-global-color-5-color has-text-color\">Pendant une heure, notre animateur vocal, vous guidera \u00e0 travers diff\u00e9rentes manches de quiz d\u00e9di\u00e9es \u00e0 l&rsquo;univers des super-h\u00e9ros. Vous aurez la chance de r\u00e9pondre \u00e0 des questions sur les h\u00e9ros les plus populaires comme Batman, Spider-Man, Iron Man, Captain America, Wonder Woman et bien plus encore.<\/p>\n\n\n\n<p class=\"has-ast-global-color-5-color has-text-color\">Ce qui rend notre mode Super H\u00e9ros unique est la manche des images o\u00f9 vous devrez identifier des super-h\u00e9ros gr\u00e2ce \u00e0 des images et des indices visuels. Le tout dans une ambiance immersive digne des plus grands films de super-h\u00e9ros.<\/p>\n\n\n\n<p class=\"has-ast-global-color-5-color has-text-color\">Que vous soyez fan de l&rsquo;univers Marvel, DC Comics ou des h\u00e9ros moins connus, notre mode 100% Super H\u00e9ros est un must pour tous les passionn\u00e9s. Rejoignez-nous pour une comp\u00e9tition passionnante o\u00f9 vous pourrez affronter d&rsquo;autres fans de super-h\u00e9ros et prouver votre expertise. Ne manquez pas cette occasion de devenir le h\u00e9ros du Quiz Boxing<\/p>\n<\/div><\/div>\n\n\n\n<figure class=\"wp-block-embed is-type-video is-provider-youtube wp-block-embed-youtube wp-embed-aspect-16-9 wp-has-aspect-ratio\"><div class=\"wp-block-embed__wrapper\">\n<div class=\"ast-oembed-container\" style=\"height: 100%;\"><iframe loading=\"lazy\" title=\"Quiz Boxing Marseille - Mode Super He\u0301ros\" width=\"500\" height=\"281\" src=\"https:\/\/www.youtube.com\/embed\/YS-hc4RTvHE?feature=oembed\" frameborder=\"0\" allow=\"accelerometer; autoplay; clipboard-write; encrypted-media; gyroscope; picture-in-picture; web-share\" referrerpolicy=\"strict-origin-when-cross-origin\" allowfullscreen><\/iframe><\/div>\n<\/div><\/figure>\n","protected":false},"excerpt":{"rendered":"<p>MODE SUPER HEROS Vous \u00eates fan de l&rsquo;univers des super-h\u00e9ros et vous pensez tout savoir sur vos personnages pr\u00e9f\u00e9r\u00e9s ? Alors venez tester vos connaissances lors de notre mode 100% Super H\u00e9ros de Quiz Boxing ! Pendant une heure, notre animateur vocal, vous guidera \u00e0 travers diff\u00e9rentes manches de quiz d\u00e9di\u00e9es \u00e0 l&rsquo;univers des super-h\u00e9ros. &hellip;<\/p>\n<p class=\"read-more\"> <a class=\"\" href=\"http:\/\/quizboxing-marseille.fr\/index.php\/mode-super-heros\/\"> <span class=\"screen-reader-text\">Mode Super H\u00e9ros<\/span> Lire la suite\u00a0\u00bb<\/a><\/p>\n","protected":false},"author":1,"featured_media":0,"parent":0,"menu_order":0,"comment_status":"closed","ping_status":"closed","template":"","meta":{"site-sidebar-layout":"default","site-content-layout":"","ast-site-content-layout":"","site-content-style":"default","site-sidebar-style":"default","ast-global-header-display":"","ast-banner-title-visibility":"","ast-main-header-display":"","ast-hfb-above-header-display":"","ast-hfb-below-header-display":"","ast-hfb-mobile-header-display":"","site-post-title":"disabled","ast-breadcrumbs-content":"","ast-featured-img":"","footer-sml-layout":"","theme-transparent-header-meta":"","adv-header-id-meta":"","stick-header-meta":"","header-above-stick-meta":"","header-main-stick-meta":"","header-below-stick-meta":"","astra-migrate-meta-layouts":"","footnotes":""},"class_list":["post-230","page","type-page","status-publish","hentry"],"_links":{"self":[{"href":"http:\/\/quizboxing-marseille.fr\/index.php\/wp-json\/wp\/v2\/pages\/230","targetHints":{"allow":["GET"]}}],"collection":[{"href":"http:\/\/quizboxing-marseille.fr\/index.php\/wp-json\/wp\/v2\/pages"}],"about":[{"href":"http:\/\/quizboxing-marseille.fr\/index.php\/wp-json\/wp\/v2\/types\/page"}],"author":[{"embeddable":true,"href":"http:\/\/quizboxing-marseille.fr\/index.php\/wp-json\/wp\/v2\/users\/1"}],"replies":[{"embeddable":true,"href":"http:\/\/quizboxing-marseille.fr\/index.php\/wp-json\/wp\/v2\/comments?post=230"}],"version-history":[{"count":2,"href":"http:\/\/quizboxing-marseille.fr\/index.php\/wp-json\/wp\/v2\/pages\/230\/revisions"}],"predecessor-version":[{"id":233,"href":"http:\/\/quizboxing-marseille.fr\/index.php\/wp-json\/wp\/v2\/pages\/230\/revisions\/233"}],"wp:attachment":[{"href":"http:\/\/quizboxing-marseille.fr\/index.php\/wp-json\/wp\/v2\/media?parent=230"}],"curies":[{"name":"wp","href":"https:\/\/api.w.org\/{rel}","templated":true}]}}