{"id":185,"date":"2023-08-17T15:52:14","date_gmt":"2023-08-17T13:52:14","guid":{"rendered":"http:\/\/quizboxing-marseille.fr\/?page_id=185"},"modified":"2023-08-17T22:21:43","modified_gmt":"2023-08-17T20:21:43","slug":"blindtest","status":"publish","type":"page","link":"http:\/\/quizboxing-marseille.fr\/index.php\/blindtest\/","title":{"rendered":"Mode Blindtest"},"content":{"rendered":"\n<p><\/p>\n\n\n\n<p><\/p>\n\n\n\n<p><\/p>\n\n\n\n<h2 class=\"wp-block-heading has-text-align-center has-ast-global-color-5-color has-text-color has-x-large-font-size\">MODE BLINDTEST<\/h2>\n\n\n\n<div class=\"wp-block-media-text is-stacked-on-mobile\" style=\"grid-template-columns:21% auto\"><figure class=\"wp-block-media-text__media\"><img loading=\"lazy\" decoding=\"async\" width=\"220\" height=\"220\" src=\"http:\/\/quizboxing-marseille.fr\/wp-content\/uploads\/2023\/08\/qbm-\u2014-100-Blind-test-1.png\" alt=\"\" class=\"wp-image-186 size-full\" srcset=\"http:\/\/quizboxing-marseille.fr\/wp-content\/uploads\/2023\/08\/qbm-\u2014-100-Blind-test-1.png 220w, http:\/\/quizboxing-marseille.fr\/wp-content\/uploads\/2023\/08\/qbm-\u2014-100-Blind-test-1-150x150.png 150w, http:\/\/quizboxing-marseille.fr\/wp-content\/uploads\/2023\/08\/qbm-\u2014-100-Blind-test-1-75x75.png 75w\" sizes=\"auto, (max-width: 220px) 100vw, 220px\" \/><\/figure><div class=\"wp-block-media-text__content\">\n<p class=\"has-ast-global-color-4-color has-text-color\">Le mode 100% Blindtest est une exp\u00e9rience de quiz unique pour les amateurs de musique. Pendant une heure, vous serez plong\u00e9 dans un monde musical o\u00f9 vous devrez identifier des chansons de diff\u00e9rentes \u00e9poques et genres en vous basant uniquement sur la musique. Ce mode de jeu est id\u00e9al pour les amateurs de musique qui veulent tester leur oreille musicale et se mesurer \u00e0 leurs amis dans une comp\u00e9tition amusante.<\/p>\n\n\n\n<p class=\"has-ast-global-color-4-color has-text-color\">Dans ce mode de jeu, vous allez d\u00e9fier vos amis ou vos coll\u00e8gues dans une s\u00e9rie de manches de quiz passionnantes, toutes bas\u00e9es sur la musique. Vous allez devoir identifier des chansons \u00e0 partir d&rsquo;un extrait musical ou de leur intro, reconna\u00eetre des artistes ou des groupes, et r\u00e9pondre \u00e0 des questions sur les chansons elles-m\u00eames. Avec notre animateur vocal c\u00e9l\u00e8bre, vous serez transport\u00e9 dans un monde de comp\u00e9tition acharn\u00e9e et de fun.<\/p>\n\n\n\n<p class=\"has-ast-global-color-4-color has-text-color\">Rejoignez-nous pour une exp\u00e9rience de quiz musicale immersive, o\u00f9 la comp\u00e9tition et l&rsquo;amusement se rejoignent !<\/p>\n<\/div><\/div>\n\n\n\n<figure class=\"wp-block-embed is-type-video is-provider-youtube wp-block-embed-youtube wp-embed-aspect-16-9 wp-has-aspect-ratio\"><div class=\"wp-block-embed__wrapper\">\n<div class=\"ast-oembed-container\" style=\"height: 100%;\"><iframe loading=\"lazy\" title=\"Quiz Boxing Marseille - Mode Blindtest\" width=\"500\" height=\"281\" src=\"https:\/\/www.youtube.com\/embed\/XMdpWsZ3SiM?feature=oembed\" frameborder=\"0\" allow=\"accelerometer; autoplay; clipboard-write; encrypted-media; gyroscope; picture-in-picture; web-share\" referrerpolicy=\"strict-origin-when-cross-origin\" allowfullscreen><\/iframe><\/div>\n<\/div><\/figure>\n","protected":false},"excerpt":{"rendered":"<p>MODE BLINDTEST Le mode 100% Blindtest est une exp\u00e9rience de quiz unique pour les amateurs de musique. Pendant une heure, vous serez plong\u00e9 dans un monde musical o\u00f9 vous devrez identifier des chansons de diff\u00e9rentes \u00e9poques et genres en vous basant uniquement sur la musique. Ce mode de jeu est id\u00e9al pour les amateurs de &hellip;<\/p>\n<p class=\"read-more\"> <a class=\"\" href=\"http:\/\/quizboxing-marseille.fr\/index.php\/blindtest\/\"> <span class=\"screen-reader-text\">Mode Blindtest<\/span> Lire la suite\u00a0\u00bb<\/a><\/p>\n","protected":false},"author":1,"featured_media":0,"parent":0,"menu_order":0,"comment_status":"closed","ping_status":"closed","template":"","meta":{"site-sidebar-layout":"default","site-content-layout":"","ast-site-content-layout":"","site-content-style":"default","site-sidebar-style":"default","ast-global-header-display":"","ast-banner-title-visibility":"","ast-main-header-display":"","ast-hfb-above-header-display":"","ast-hfb-below-header-display":"","ast-hfb-mobile-header-display":"","site-post-title":"disabled","ast-breadcrumbs-content":"","ast-featured-img":"","footer-sml-layout":"","theme-transparent-header-meta":"","adv-header-id-meta":"","stick-header-meta":"","header-above-stick-meta":"","header-main-stick-meta":"","header-below-stick-meta":"","astra-migrate-meta-layouts":"","footnotes":""},"class_list":["post-185","page","type-page","status-publish","hentry"],"_links":{"self":[{"href":"http:\/\/quizboxing-marseille.fr\/index.php\/wp-json\/wp\/v2\/pages\/185","targetHints":{"allow":["GET"]}}],"collection":[{"href":"http:\/\/quizboxing-marseille.fr\/index.php\/wp-json\/wp\/v2\/pages"}],"about":[{"href":"http:\/\/quizboxing-marseille.fr\/index.php\/wp-json\/wp\/v2\/types\/page"}],"author":[{"embeddable":true,"href":"http:\/\/quizboxing-marseille.fr\/index.php\/wp-json\/wp\/v2\/users\/1"}],"replies":[{"embeddable":true,"href":"http:\/\/quizboxing-marseille.fr\/index.php\/wp-json\/wp\/v2\/comments?post=185"}],"version-history":[{"count":4,"href":"http:\/\/quizboxing-marseille.fr\/index.php\/wp-json\/wp\/v2\/pages\/185\/revisions"}],"predecessor-version":[{"id":223,"href":"http:\/\/quizboxing-marseille.fr\/index.php\/wp-json\/wp\/v2\/pages\/185\/revisions\/223"}],"wp:attachment":[{"href":"http:\/\/quizboxing-marseille.fr\/index.php\/wp-json\/wp\/v2\/media?parent=185"}],"curies":[{"name":"wp","href":"https:\/\/api.w.org\/{rel}","templated":true}]}}